er when 1327243 is divided by 163?
97
Calculate the remainder when 396946197 is divided by 50.
47
Calculate the remainder when 193317 is divided by 8884.
6753
Calculate the remainder when 6968354 is divided by 2003.
1920
What is the remainder when 3506976 is divided by 1365?
291
Calculate the remainder when 25732794 is divided by 10.
4
Calculate the remainder when 1054409 is divided by 6239.
18
Calculate the remainder when 240396 is divided by 533.
13
Calculate the remainder when 12083553 is divided by 5716.
5645
What is the remainder when 84408 is divided by 4685?
78
Calculate the remainder when 8834346 is divided by 430.
426
What is the remainder when 61206116 is divided by 1027?
1024
What is the remainder when 1731365 is divided by 13317?
155
What is the remainder when 444114 is divided by 74018?
6
Calculate the remainder when 97320141 is divided by 546.
9
Calculate the remainder when 744323 is divided by 357.
335
Calculate the remainder when 9061908 is divided by 5.
3
Calculate the remainder when 1213676 is divided by 52750.
426
What is the remainder when 46637466 is divided by 994?
974
What is the remainder when 46696 is divided by 4335?
3346
What is the remainder when 6023 is divided by 3990?
2033
What is the remainder when 5506612 is divided by 6344?
20
What is the remainder when 242272 is divided by 121114?
44
What is the remainder when 6355266 is divided by 3613?
3612
Calculate the remainder when 5750616 is divided by 374.
366
What is the remainder when 7374534 is divided by 1312?
1094
What is the remainder when 7861301 is divided by 34631?
64
Calculate the remainder when 227543 is divided by 1991.
569
What is the remainder when 5053541 is divided by 15792?
101
What is the remainder when 28852750 is divided by 10138?
2
What is the remainder when 47791 is divided by 7961?
25
What is the remainder when 7073 is divided by 461?
158
What is the remainder when 145648062 is divided by 36412013?
10
Calculate the remainder when 30117918 is divided by 10039294.
36
Calculate the remainder when 79431540 is divided by 631.
629
What is the remainder when 48353 is divided by 2646?
725
Calculate the remainder when 39433381 is divided by 56.
29
Calculate the remainder when 67442 is divided by 5186.
24
What is the remainder when 5186609 is divided by 305094?
11
What is the remainder when 3315018 is divided by 133?
126
Calculate the remainder when 322401 is divided by 8946.
345
What is the remainder when 208293811 is divided by 2200?
11
Calculate the remainder when 53261714 is divided by 20.
14
Calculate the remainder when 601505917 is divided by 128.
125
What is the remainder when 1635529 is divided by 74296?
1017
What is the remainder when 769844 is divided by 466?
12
What is the remainder when 332207 is divided by 110726?
29
Calculate the remainder when 162858 is divided by 162063.
795
Calculate the remainder when 1515538 is divided by 67.
65
Calculate the remainder when 327520 is divided by 45801.
6913
What is the remainder when 200350 is divided by 2325?
400
Calculate the remainder when 3407302 is divided by 194.
80
What is the remainder when 168486505 is divided by 18720722?
7
Calculate the remainder when 203555 is divided by 903.
380
Calculate the remainder when 18750845 is divided by 58.
25
What is the remainder when 530901 is divided by 530899?
2
What is the remainder when 25817 is divided by 1961?
324
What is the remainder when 1684814 is divided by 1600?
14
Calculate the remainder when 2746165 is divided by 11209.
11169
Calculate the remainder when 31334596 is divided by 47.
25
What is the remainder when 2377725 is divided by 1188862?
1
What is the remainder when 65427 is divided by 1085?
327
Calculate the remainder when 376686 is divided by 94017.
618
Calculate the remainder when 1823316 is divided by 37210.
26
Calculate the remainder when 69152266 is divided by 28.
22
What is the remainder when 208737225 is divided by 28?
25
Calculate the remainder when 124965 is divided by 62337.
291
What is the remainder when 28892 is divided by 3202?
74
Calculate the remainder when 54316 is divided by 54000.
316
What is the remainder when 4926241 is divided by 51855?
16
Calculate the remainder when 60969 is divided by 1613.
1288
Calculate the remainder when 426893 is divided by 6894.
6359
Calculate the remainder when 7886013 is divided by 64.
61
Calculate the remainder when 905181 is divided by 126.
123
What is the remainder when 25522 is divided by 8126?
1144
Calculate the remainder when 50688 is divided by 1067.
539
Calculate the remainder when 20873 is divided by 19350.
1523
Calculate the remainder when 358383 is divided by 3821.
3030
Calculate the remainder when 4683921 is divided by 487.
442
Calculate the remainder when 321507 is divided by 107137.
96
Calculate the remainder when 45537 is divided by 2013.
1251
What is the remainder when 51172 is divided by 8158?
2224
Calculate the remainder when 4722255 is divided by 56.
55
Calculate the remainder when 759088 is divided by 118.
112
What is the remainder when 40838595 is divided by 1644?
1635
What is the remainder when 75636026 is divided by 1200?
26
Calculate the remainder when 14034035 is divided by 175423.
195
Calculate the remainder when 7887656 is divided by 41.
35
Calculate the remainder when 22072403 is divided by 36.
11
What is the remainder when 24357749 is divided by 2981?
2979
Calculate the remainder when 23653 is divided by 9801.
4051
What is the remainder when 3483842 is divided by 232256?
2
What is the remainder when 11919460 is divided by 5959716?
28
Calculate the remainder when 79098 is divided by 18171.
6414
Calculate the remainder when 7688657 is divided by 1521.
2
Calculate the remainder when 456992 is divided by 1136.
320
What is the remainder when 23502081 is divided by 7003?
13
Calculate the remainder when 22468 is divided by 1430.
1018
Calculate the remainder when 5951036 is divided by 694.
680
Calculate the remainder when 84079 is divided by 3291.
1804
What is the remainder when 8292217 is divided by 35?
17
Calculate the remainder when 3811496 is divided by 13143.
26
What is the remainder when 464681 is divided by 1889?
1876
Calculate the remainder when 407119 is divided by 33.
31
Calculate the remainder when 874394 is divided by 37.
10
What is the remainder when 2554570 is divided by 13236?
22
Calculate the remainder when 35562067 is divided by 538819.
13
Calculate the remainder when 1516098 is divided by 18489.
0
What is the remainder when 259782 is divided by 7422?
12
Calculate the remainder when 146432 is divided by 88.
0
What is the remainder when 54389913 is divided by 6043323?
6
What is the remainder when 6398688 is divided by 408?
24
What is the remainder when 135615 is divided by 1460?
1295
What is the remainder when 274240 is divided by 191?
155
What is the remainder when 1548272 is divided by 451?
440
What is the remainder when 727296166 is divided by 6?
4
Calculate the remainder when 1002981 is divided by 3033.
2091
Calculate the remainder when 22320658 is divided by 22320635.
23
What is the remainder when 67863293 is divided by 16965821?
9
Calculate the remainder when 2778334 is divided by 277830.
34
What is the remainder when 251952 is divided by 24730?
4652
What is the remainder when 2947651 is divided by 491271?
25
Calculate the remainder when 2437 is divided by 2167.
270
What is the remainder when 2384554 is divided by 230?
144
Calculate the remainder when 1901811 is divided by 241.
80
Calculate the remainder when 69756 is divided by 480.
156
Calculate the remainder when 736773 is divided by 58.
57
What is the remainder when 398417 is divided by 22?
19
What is the remainder when 352294 is divided by 1033?
41
What is the remainder when 250486137 is divided by 31?
30
What is the remainder when 44085514 is divided by 6?
4
What is the remainder when 17091157 is divided by 297?
292
Calculate the remainder when 18239 is divided by 17167.
1072
What is the remainder when 873693 is divided by 76?
73
What is the remainder when 373266 is divided by 2523?
2385
What is the remainder when 16739367 is divided by 7595?
7582
Calculate the remainder when 1699006 is divided by 96.
94
Calculate the remainder when 776140671 is divided by 9344.
9343
What is the remainder when 